d thousands digit of 5419194?
4
What is the ten millions digit of 28058934?
2
What is the tens digit of 763247?
4
What is the hundreds digit of 13944772?
7
What is the hundred thousands digit of 665295?
6
What is the units digit of 705743?
3
What is the hundreds digit of 415559?
5
What is the hundreds digit of 2231799?
7
What is the tens digit of 257440?
4
What is the ten millions digit of 14626621?
1
What is the units digit of 991754?
4
What is the millions digit of 2315809?
2
What is the millions digit of 21655352?
1
What is the hundreds digit of 1103029?
0
What is the ten thousands digit of 1055801?
5
What is the ten thousands digit of 836275?
3
What is the millions digit of 8455700?
8
What is the ten thousands digit of 7170036?
7
What is the ten thousands digit of 213199?
1
What is the ten thousands digit of 13718463?
1
What is the ten thousands digit of 769327?
6
What is the ten millions digit of 17222742?
1
What is the thousands digit of 597363?
7
What is the hundred thousands digit of 22244819?
2
What is the hundreds digit of 3891804?
8
What is the hundred thousands digit of 1416454?
4
What is the ten thousands digit of 1405952?
0
What is the hundreds digit of 27203?
2
What is the ten thousands digit of 2157406?
5
What is the thousands digit of 1156808?
6
What is the hundred thousands digit of 33595770?
5
What is the units digit of 167208?
8
What is the tens digit of 408132?
3
What is the thousands digit of 4274734?
4
What is the thousands digit of 1955074?
5
What is the units digit of 1037657?
7
What is the thousands digit of 1374024?
4
What is the thousands digit of 6885891?
5
What is the hundreds digit of 110965?
9
What is the tens digit of 4617?
1
What is the hundreds digit of 473651?
6
What is the ten thousands digit of 5463081?
6
What is the tens digit of 3417671?
7
What is the millions digit of 9285635?
9
What is the ten thousands digit of 3571961?
7
What is the thousands digit of 813862?
3
What is the thousands digit of 3132849?
2
What is the thousands digit of 703024?
3
What is the millions digit of 2797930?
2
What is the tens digit of 385817?
1
What is the thousands digit of 6020201?
0
What is the hundreds digit of 4505095?
0
What is the hundred thousands digit of 272900?
2
What is the ten thousands digit of 6752407?
5
What is the hundred thousands digit of 234212?
2
What is the units digit of 390253?
3
What is the millions digit of 4161661?
4
What is the tens digit of 269710?
1
What is the hundred thousands digit of 1904544?
9
What is the units digit of 207615?
5
What is the thousands digit of 3880042?
0
What is the hundred thousands digit of 983435?
9
What is the units digit of 258138?
8
What is the units digit of 144948?
8
What is the tens digit of 184463?
6
What is the thousands digit of 49939?
9
What is the tens digit of 3910803?
0
What is the hundred thousands digit of 262897?
2
What is the millions digit of 26937504?
6
What is the tens digit of 518250?
5
What is the ten thousands digit of 16846769?
4
What is the units digit of 224353?
3
What is the hundreds digit of 4260110?
1
What is the millions digit of 1233741?
1
What is the tens digit of 406879?
7
What is the tens digit of 98071?
7
What is the ten thousands digit of 311364?
1
What is the millions digit of 5496408?
5
What is the tens digit of 151885?
8
What is the hundreds digit of 399072?
0
What is the units digit of 22351390?
0
What is the hundred thousands digit of 18249437?
2
What is the tens digit of 388788?
8
What is the ten thousands digit of 38249?
3
What is the hundred thousands digit of 225459?
2
What is the hundred thousands digit of 445714?
4
What is the hundred thousands digit of 148379?
1
What is the ten thousands digit of 7962924?
6
What is the units digit of 3683436?
6
What is the tens digit of 1120965?
6
What is the units digit of 226548?
8
What is the hundreds digit of 147209?
2
What is the hundreds digit of 20764841?
8
What is the thousands digit of 29079072?
9
What is the hundreds digit of 950?
9
What is the units digit of 3592359?
9
What is the hundreds digit of 504800?
8
What is the thousands digit of 315227?
5
What is the units digit of 2129027?
7
What is the hundreds digit of 176342?
3
What is the hundred thousands digit of 412736?
4
What is the thousands digit of 1921916?
1
What is the hundred thousands digit of 19577976?
5
What is the hundred thousands digit of 318194?
3
What is the hundred thousands digit of 21085308?
0
What is the hundreds digit of 5609652?
6
What is the units digit of 1140309?
9
What is the tens digit of 10012828?
2
What is the ten thousands digit of 2882213?
8
What is the tens digit of 361774?
7
What is the thousands digit of 470754?
0
What is the units digit of 106708?
8
What is the units digit of 29848831?
1
What is the ten thousands digit of 2739252?
3
What is the units digit of 1631484?
4
What is the hundred thousands digit of 324723?
3
What is the tens digit of 12224573?
7
What is the thousands digit of 2017953?
7
What is the hundred thousands digit of 3357472?
3
What is the ten thousands digit of 936036?
3
What is the thousands digit of 654046?
4
What is the thousands digit of 24933391?
3
What is the hundred thousands digit of 494490?
4
What is the hundred thousands digit of 874795?
8
What is the ten thousands digit of 783801?
8
What is the units digit of 220758?
8
What is the hundred thousands digit of 594842?
5
What is the ten thousands digit of 6335042?
3
What is the units digit of 425050?
0
What is the ten thousands digit of 1471291?
7
What is the tens digit of 19559?
5
What is the hundreds digit of 7893694?
6
What is the units digit of 703408?
8
What is the thousands digit of 55963?
5
What is the hundred thousands digit of 378343?
3
What is the units digit of 28798588?
8
What is the hundreds digit of 14095941?
9
What is the thousands digit of 408426?
8
What is the thousands digit of 910401?
0
What is the ten thousands digit of 2124044?
2
What is the thousands digit of 50374?
0
What is the ten thousands digit of 313041?
1
What is the units digit of 4840616?
6
What is the ten thousands digit of 1998082?
9
What is the thousands digit of 598981?
8
What is the hundreds digit of 787455?
4
What is the thousands digit of 856115?
6
What is the ten thousands digit of 418159?
1
What is the hundred thousands digit of 2608421?
6
What is the ten thousands digit of 8691199?
9
What is the thousands digit of 486481?
6
What is the hundreds digit of 835289?
2
What is the ten thousands digit of 202298?
0
What is the ten thousands digit of 2441380?
4
What is the tens digit of 734459?
5
What is the millions digit of 7387674?
7
What is the tens digit of 28774?
7
What is the thousands digit of 225567?
5
What is the millions digit of 1949731?
1
What is the hundred thousands digit of 133488?
1
What is the ten thousands digit of 416904?
1
What is the units digit of 6140726?
6
What is the hundred thousands digit of 4697531?
6
What is the hundreds digit of 2708276?
2
What is the ten thousands digit of 110650?
1
What is the millions digit of 13460322?
3
What is the tens digit of 2655773?
7
What is the thousands digit of 20710?
0
What is the tens digit of 5287547?
4
What is the millions digit of 1063527?
1
What is the ten millions digit of 21154200?
2
What is the tens digit of 35077764?
6
What is the units digit of 138624?
4
What is the tens digit of 965117?
1
What is the thousands digit of 2585804?
5
What is the ten thousands digit of 136311?
3
What is the ten thousands digit of 383203?
8
What is the hundreds digit of 547437?
4
What is the tens digit of 1459226?
2
What is the tens digit of 263782?
8
What is the hundreds digit of 506006?
0
What is the tens digit of 378848?
4
What is the millions digit of 33392711?
3
What is the thousands digit of 679130?
9
What is the ten millions digit of 24990614?
2
What is the thousands digit of 25110?
5
What is the hundreds digit of 1317715?
7
What is the thousands digit of 586572?
6
What is the tens digit of 27007746?
4
What is the thousands digit of 52392?
2
What is the ten thousands digit of 132807?
3
What is the tens digit of 983192?
9
What is the units digit of 283772?
2
What is the ten thousands digit of 8055053?
5
What is the hundred thousands digit of 2137500?
1
What is the thousands digit